s 8 a factor of 5136?
True
Is 95606 a multiple of 228?
False
Does 95 divide 92815?
True
Is 51 a factor of 19380?
True
Is 2 a factor of 56664?
True
Is 25 a factor of 22439?
False
Does 41 divide 1274259?
False
Does 32 divide 237975?
False
Is 113 a factor of 51189?
True
Is 1146013 a multiple of 537?
False
Does 43 divide 338130?
False
Is 150094 a multiple of 302?
True
Is 427363 a multiple of 49?
False
Does 363 divide 54813?
True
Is 60 a factor of 46260?
True
Does 28 divide 2323440?
True
Does 353 divide 152849?
True
Is 30 a factor of 8250?
True
Does 5 divide 612920?
True
Is 154 a factor of 208516?
True
Is 132 a factor of 3006036?
True
Is 186815 a multiple of 32?
False
Is 162 a factor of 183546?
True
Is 561 a factor of 5982504?
True
Is 203 a factor of 1235278?
False
Does 978 divide 1074822?
True
Does 64 divide 765696?
True
Does 288 divide 93888?
True
Is 24985 a multiple of 263?
True
Is 13 a factor of 8222157?
False
Is 31740 a multiple of 20?
True
Is 4519233 a multiple of 27?
True
Does 25 divide 988100?
True
Is 677270 a multiple of 214?
False
Is 201 a factor of 422139?
False
Does 55 divide 573760?
True
Does 15 divide 2242740?
True
Is 2699422 a multiple of 122?
False
Is 3448170 a multiple of 162?
True
Does 12 divide 20591?
False
Is 426 a factor of 213426?
True
Does 62 divide 1102943?
False
Does 653 divide 5229224?
True
Is 3881526 a multiple of 306?
False
Does 82 divide 23536?
False
Does 100 divide 25947?
False
Is 158 a factor of 10750215?
False
Does 6 divide 245741?
False
Is 5195887 a multiple of 5?
False
Does 25 divide 73210?
False
Does 42 divide 186942?
True
Is 7110693 a multiple of 171?
True
Does 33 divide 672157?
False
Is 18 a factor of 1105282?
False
Does 169 divide 22351657?
False
Is 52 a factor of 562466?
False
Is 1063530 a multiple of 30?
True
Does 59 divide 1048647?
False
Is 170715 a multiple of 285?
True
Does 8 divide 225246?
False
Is 270 a factor of 490137?
False
Is 564 a factor of 14154708?
True
Is 972454 a multiple of 385?
False
Is 17204 a multiple of 8?
False
Is 5 a factor of 166543?
False
Is 215 a factor of 7645683?
False
Does 124 divide 244197?
False
Is 905 a multiple of 3?
False
Does 12 divide 145344?
True
Is 1392831 a multiple of 135?
False
Is 75 a factor of 39954?
False
Is 89210 a multiple of 22?
True
Does 76 divide 76760?
True
Is 21 a factor of 19488?
True
Does 264 divide 146829?
False
Is 458 a factor of 1255052?
False
Does 17 divide 108607?
False
Is 14746 a multiple of 5?
False
Is 206863 a multiple of 14?
False
Is 23329 a multiple of 2?
False
Does 50 divide 1124350?
True
Does 14 divide 435669?
False
Is 445319 a multiple of 98?
False
Is 336 a factor of 44751?
False
Is 8 a factor of 560259?
False
Does 21 divide 1013091?
False
Is 24 a factor of 1279728?
True
Is 1120311 a multiple of 109?
False
Is 14 a factor of 887908?
True
Is 169179 a multiple of 31?
False
Is 4864046 a multiple of 6?
False
Does 14 divide 122495?
False
Is 8 a factor of 99756?
False
Is 20 a factor of 501000?
True
Does 208 divide 123805?
False
Is 389354 a multiple of 47?
False
Does 13 divide 49786?
False
Is 9 a factor of 652397?
False
Is 110 a factor of 1911360?
True
Is 10 a factor of 2326290?
True
Is 1554 a multiple of 4?
False
Is 17 a factor of 248693?
True
Is 37 a factor of 581603?
True
Is 248577 a multiple of 187?
False
Is 252281 a multiple of 64?
False
Is 3799880 a multiple of 280?
True
Is 1781300 a multiple of 47?
True
Is 27211 a multiple of 21?
False
Is 9847658 a multiple of 34?
True
Is 605 a factor of 7770978?
False
Is 2444297 a multiple of 51?
False
Does 79 divide 3631318?
False
Is 151898 a multiple of 106?
True
Is 311 a factor of 1411007?
True
Is 2798124 a multiple of 12?
True
Is 542624 a multiple of 248?
True
Is 368 a factor of 659324?
False
Does 316 divide 1744605?
False
Is 12 a factor of 3122592?
True
Is 528480 a multiple of 15?
True
Is 560745 even?
False
Is 271947 a multiple of 20?
False
Does 34 divide 3879202?
False
Is 117 a factor of 44109?
True
Does 14 divide 425838?
True
Is 482 a factor of 59768?
True
Does 31 divide 204171?
False
Does 56 divide 290696?
True
Is 141 a factor of 181589?
False
Is 313 a factor of 411302?
False
Is 246350 a multiple of 180?
False
Is 492335 a multiple of 5?
True
Does 7 divide 670514?
False
Does 28 divide 656892?
False
Is 813932 a multiple of 13?
False
Is 5 a factor of 6261211?
False
Does 47 divide 5405?
True
Is 9 a factor of 1820034?
True
Is 28156500 a multiple of 60?
True
Does 107 divide 1448002?
False
Does 12 divide 1012440?
True
Is 1460032 a multiple of 448?
True
Does 6 divide 276460?
False
Is 506 a factor of 88113?
False
Is 266050 a multiple of 10?
True
Does 2 divide 31345?
False
Is 94276 a multiple of 91?
True
Does 64 divide 459300?
False
Is 23851 even?
False
Does 50 divide 279050?
True
Is 205781 a multiple of 344?
False
Is 7 a factor of 199201?
False
Is 9374076 a multiple of 1189?
True
Is 365661 a multiple of 25?
False
Is 25897599 a multiple of 9?
True
Is 1173825 a multiple of 193?
False
Is 1335340 a multiple of 358?
True
Is 7 a factor of 4448245?
False
Is 70 a factor of 864511?
False
Does 156 divide 64584?
True
Is 56637 a multiple of 29?
True
Is 313078 a multiple of 128?
False
Is 33 a factor of 413431?
False
Does 16 divide 23536?
True
Is 619899 a multiple of 4?
False
Is 20 a factor of 36689?
False
Is 69 a factor of 339204?
True
Is 11304 a multiple of 72?
True
Does 140 divide 3567188?
False
Does 101 divide 114029?
True
Does 244 divide 312076?
True
Is 10 a factor of 2029976?
False
Is 4322 even?
True
Does 287 divide 16072?
True
Is 1228884 a multiple of 132?
False
Is 5154158 a multiple of 67?
False
Does 32 divide 155584?
True
Does 88 divide 66704?
True
Is 1282 a factor of 23456754?
True
Is 773400 a multiple of 300?
True
Is 57 a factor of 19302879?
True
Does 93 divide 4560813?
True
Is 3460950 a multiple of 30?
True
Does 307 divide 354278?
True
Is 893 a factor of 1477915?
True
Is 86 a factor of 135667?
False
Is 137835 a multiple of 9?
True
Is 357 a factor of 186932?
False
Is 84 a factor of 721476?
True
Is 19 a factor of 3583913?
True
Is 54 a factor of 1113428?
False
Does 64 divide 28864?
True
Is 33 a factor of 16088886?
True
Is 2591077 a multiple of 93?
False
Is 81 a factor of 181072?
False
Does 38 divide 2052?
True
Does 11 divide 252615?
True
Is 317 a factor of 103409?
False
Does 19 divide 952755?
True
Does 51 divide 199206?
True
Is 183 a factor of 198555?
True
Does 523 divide 2053413?
False
Does 354 divide 1373520?
True
Does 288 divide 3942432?
True
Does 134 divide 95944?
True
Is 51779 a multiple of 136?
False
Is 2594046 a multiple of 42?
True
Is 932448 a multiple of 44?
True
Is 3404753 a multiple of 153?
False
Does 12 divide 514992?
True
Does 38 divide 98990?
True
Is 173 a factor of 2068561?
True
Is 39 a factor of 7158127?
False
Is 12684889 a multiple of 594?
False
Is 153596 a multiple of 76?
True
Does 13 divide 292075?
False
Does 6 divide 551676?
True
Is 1598524 a multiple of 63?
False
Is 244281 a multiple of 321?
True
Is 26506336 a multiple of 24?
False
Is 7892 a multiple of 4?
True
Is 2510131 a multiple of 13?
True
Is 8 a factor of 191840?
True
Is 86 a factor of 2071847?
False
Does 23 divide 823126?
False
Is 990735 a multiple of 7?
False
Is 7 a factor of 6332?
False
Does 1019 divide 1019567?
False
Does 396 divide 439956?
True
Is 89840 a multiple of 40?
True
Is 14 a factor of 956479?
False
Is 39 a factor of 157746?
False
Is 353078 a multiple of 36?
False
Is 4980852 a multiple of 18?
True
Does 62 divide 298396?
False
Is 3 a factor of 6006?
True
Does 427 divide 762883?
False
Is 22 a factor of 208095?
False
Does 4 divide 837685?
False
Is 7 a factor of 8224671?
True
Is 511 a factor of 3390362?
False
Does 336 divide 125753?
False
Is 1232 a multiple of 44?
True
Is 180 a factor of 2315880?
True
Does 111 divide 1447218?
True
Is 444 a factor of 9466524?
True
Is 255 a factor of 1331407?
False
Is 203516 a multiple of 4?
True
Is 3 a factor of 7183674?
True
Does 10 divide 127130?
True
Is 7975371 a multiple of 48?
False
Is 206638 a multiple of 14?
False
Is 3894709 a multiple of 20?
False
Is 59 a factor of 3227914?
False
Does 100 divide 1644625?
False
Is 1238762 a multiple of 159?
False
Is 10 a factor of 11428620?
True
Is 4551206 a multiple of 374?
True
Is 37 a factor of 53762?
False
Does 158 divide 4755168?
True
Is 899304 a mult